c?
9
Let g(r) be the second derivative of -10*r**3/3 - 4*r**2 + 2*r. Let m be g(-4). Calculate the highest common divisor of 8 and m.
8
Let z be (-40)/(-8)*(-22)/(-5). Calculate the highest common factor of z and 198.
22
Let t be ((-8)/10)/((-1)/(-5)). Let p be (-148)/t + 1 + 2. Let o(v) = v - 1. Let m be o(6). What is the greatest common divisor of p and m?
5
Let c = 1 + 7. Let b be 3/2*(-8)/(-12). What is the highest common divisor of b and c?
1
Let d = 107 - 49. Calculate the greatest common divisor of 29 and d.
29
Suppose 0 = 2*r + 2*r - 16. Suppose 7*f - 2*f - 112 = -4*v, -r*v + 32 = f. What is the highest common divisor of 4 and f?
4
Let x = 67 - 65. What is the highest common divisor of x and 14?
2
Let u = 7 - 13. Let b(i) = i**3 + 8*i**2 + 4*i - 8. Let g be b(u). Let p = 7 - 2. Calculate the highest common factor of g and p.
5
Let k be 10 - (-2 + 2 - -1). Suppose 3*p + k = 0, 3*y = y + 5*p - 83. Let r = 87 + y. Calculate the highest common factor of 19 and r.
19
Let p(k) be the first derivative of -19*k**4/4 - k + 1. Let c be p(-1). Suppose -14*b = -15*b + 6. Calculate the greatest common factor of c and b.
6
Suppose h = -0*h - 5. Let w = -1 - h. Let y = -10 - -14. What is the greatest common divisor of y and w?
4
Suppose -3*b - 2*h = -66 - 191, h = 5*b - 424. What is the greatest common divisor of b and 34?
17
Let a = 480 - 264. Calculate the highest common factor of a and 24.
24
Suppose 12 = -z + 2*z. What is the highest common factor of z and 24?
12
Let y(a) = 11*a**2 - 7*a + 5. Let p be y(5). Let r = 461 - p. Calculate the highest common divisor of r and 24.
24
Let p be (5 - 9)/((-32)/(-11) - 3). What is the highest common factor of p and 4?
4
Suppose -5*x - 3*i + 6 = 0, 0 = 3*x - 3*i - 2*i + 10. Let a = 29 - x. What is the highest common divisor of 203 and a?
29
Suppose -4*z = 4*m - 3 - 5, -2*m = -5*z + 10. What is the greatest common factor of 2 and z?
2
Suppose 0 = -2*j + 35 - 5. Let s = -11 + 15. Suppose 333 = 2*d + w, 3*d - 501 = -s*w + 2*w. Calculate the highest common divisor of j and d.
15
Suppose -j + 135 = -6*j. Suppose 0 = -5*h + 45 + 170. Let a = j + h. What is the highest common divisor of 8 and a?
8
Suppose 4*c - 3 = 37. Suppose -6*y = -9*y + 90. What is the highest common divisor of y and c?
10
Let t be ((-2)/3)/((-2)/12). Suppose -w + t = -3. Suppose 177 = 4*o - 19. What is the highest common factor of o and w?
7
Let q be 2 + (-4 - -4) - -4. What is the highest common factor of 2 and q?
2
Suppose 5 = -y - 2*o, o + 10 = y - 2*o. Let h = 6 - y. Suppose -19 = -z - h. What is the greatest common divisor of z and 154?
14
Let c(i) be the first derivative of 5*i**2/2 - 8. Suppose 8 = -2*k - 4*p, 5*k = -0*p - p + 7. Let q be c(k). Calculate the greatest common divisor of 5 and q.
5
Let t = 143 - 32. What is the greatest common divisor of t and 37?
37
Let m be 3/9*(4 + -1). Let j be 0/m + (1 - -23). What is the greatest common divisor of j and 216?
24
Let t(q) = q + 5. Let c be t(0). Suppose 0 = -p + c - 1. Suppose -4*a = -3*m - 3 - 2, -p*m = -4*a. What is the highest common factor of m and 5?
5
Let m = -3 + 14. Let p = -9 + m. What is the highest common divisor of p and 4?
2
Let c be (140/3)/((-1)/(-3)). What is the highest common divisor of c and 35?
35
Let v(w) be the second derivative of w**3/6 + 3*w**2/2 - w. Let z be v(-3). Suppose z = -2*a - a + 54. Calculate the highest common factor of a and 3.
3
Suppose 39 = -a - 0. Let k = 93 + a. Calculate the highest common divisor of 6 and k.
6
Suppose 11 = 8*p - 165. Calculate the greatest common divisor of 198 and p.
22
Let h = -2 + 5. Suppose h*u = 4 + 38. Calculate the greatest common factor of 14 and u.
14
Suppose -4*c + 3 = -3*c. What is the greatest common divisor of 6 and c?
3
Suppose -y + 4*p - 8 = -0*p, 3*y + 4*p - 24 = 0. Calculate the greatest common factor of y and 1.
1
Let d be (-458)/(-6) + 4/6. Suppose -5 = -2*j + 1. Let p be (-84)/j*(-2)/8. Calculate the highest common divisor of p and d.
7
Let s = -20 + 110. Calculate the greatest common factor of s and 10.
10
Let m(b) = -b + 10. Let w be m(-5). Calculate the greatest common divisor of 165 and w.
15
Let q be 1 + 1 - (-1 + 1). Let w = -19 + 41. Calculate the highest common factor of q and w.
2
Suppose 6*n + 6 = 8*n. What is the greatest common factor of n and 33?
3
Let s = 2 + -96. Let d = -29 - s. Calculate the greatest common divisor of d and 13.
13
Let r(w) = 17*w + 5. Let z be r(2). Calculate the greatest common factor of 39 and z.
39
Let m(l) = -3*l - 11. Let d be m(-6). Suppose -4*c - 4*j + 20 = 0, -d = 2*c + 3*c - 3*j. What is the highest common factor of c and 1?
1
Let b = 112 - 30. What is the highest common divisor of b and 41?
41
Suppose -3*a - 4*c + 252 = 2*a, -c = 3*a - 147. What is the highest common factor of a and 120?
24
Suppose -3*g = -2 - 4. Suppose g*f - 3*f - 10 = -2*y, f + 19 = 5*y. Let s = y - 0. Calculate the highest common factor of s and 6.
3
Suppose -2*i + 205 = 3*i. What is the highest common divisor of 41 and i?
41
Let y be (30/25)/(2/5). Let a(v) = 0*v**3 + 0*v**2 + 6*v - y - v**3 + 5*v**2 - v**2. Let z be a(5). Calculate the greatest common divisor of z and 16.
2
Let z(j) = j**3 + 5*j**2 + 6*j + 10. Let g be z(-4). Suppose -g*m = -5*m + 66. Suppose 0 = 2*h - 7*h + 55. What is the greatest common factor of h and m?
11
Let h = -35 + 79. Suppose v + 3*u = 27, -2*u - h = -2*v + 2*u. What is the highest common factor of v and 16?
8
Suppose -158 = -5*k + 157. Let x(h) = -h + 25. Let r be x(18). What is the greatest common factor of r and k?
7
Suppose -394 = -6*g - 154. Calculate the highest common divisor of g and 16.
8
Let k(q) = -q**3 - 5*q**2 - 3*q - 12. Let d be k(-5). Let r be ((-55)/(-3))/(2/6). Suppose -19 = d*a - r. Calculate the greatest common divisor of 96 and a.
12
Let m = -2 - -1. Let y(c) = 14*c**3 - 1. Let q be y(m). Let u = q + 34. Calculate the greatest common divisor of 38 and u.
19
Suppose -3*b = 5*q - 4, -2*b + 0*b = 5*q - 1. Suppose -b*z = -2*z. Let v be 14/(-4)*(z - 2). What is the highest common divisor of 21 and v?
7
Suppose 2*w = 5*w - 9. Suppose -5*i + 27 = 2. Suppose -3*u + t - 2 = -28, 43 = i*u - 2*t. What is the greatest common factor of u and w?
3
Let y = 6 - 2. Let h(l) = 2*l - 1. Let f be h(y). Suppose -19 + 54 = d. What is the highest common factor of d and f?
7
Let i(n) = 132*n - 2. Let m be i(1). What is the highest common factor of 13 and m?
13
Let n be 18/4*(5 - 3). Calculate the greatest common factor of 90 and n.
9
Let f(c) = -c**2 - 5. Let q be f(0). Let b(k) = 1 - 4*k**3 - 5*k + 5*k**3 - 1 + 6*k**2. Let g be b(q). Calculate the greatest common factor of g and 10.
10
Suppose 0*f = 5*i - f + 5, -i + 23 = -5*f. Let a = i + 7. Let w be (a - -65)/(4/2). Calculate the highest common factor of w and 7.
7
Suppose b - 18 - 18 = -2*o, -5*o = -4*b - 103. Calculate the greatest common divisor of o and 19.
19
Suppose 0 = -20*i + 23*i - 45. Calculate the greatest common divisor of i and 60.
15
Let y be (-4 - (-20)/(-5))/((-1)/4). What is the greatest common factor of 4 and y?
4
Let s(i) = -i**3 - 6*i**2 - 7*i - 6. Let a be s(-5). Suppose -5 = -5*v, r + a*v = 3*v + 8. What is the highest common divisor of 35 and r?
7
Suppose 0*g + 5*g = 60. Suppose 2*m + m = g. Calculate the greatest common factor of m and 4.
4
Let o be 1/(3/(-1))*-3. Let f be (o*-6)/(1 - 0). Let t be 124/10 + f/15. Calculate the greatest common divisor of t and 132.
12
Let j(o) = -o**3 - 8*o**2 - 11*o - 14. Let y be j(-7). What is the greatest common divisor of y and 14?
14
Let h(m) = 2*m + 4. Let w be h(4). Suppose -32 = 3*u - 7*u. Calculate the highest common divisor of w and u.
4
Let b(w) = -w**3 - 9*w**2 + 21*w + 20. Let y be b(-11). What is the highest common factor of y and 217?
31
Let k be 40/((6/4)/3). What is the highest common factor of 10 and k?
10
Suppose 0 = -0*a + 5*a - 45. Suppose 29 = 5*u + 164. Let s = 72 + u. Calculate the highest common factor of s and a.
9
Let j = 110 - 30. Suppose -4*o + 3*c = o - 145, -c = -5. What is the greatest common factor of o and j?
16
Let f = 4 + 18. Let a = 30 - f. Calculate the highest common factor of a and 88.
8
Let o(n) = -7*n**2 + n. Let h be o(2). Suppose 0 = 5*g - g - 5*i - 244, 12 = -3*i. Let v = g + h. What is the greatest common fa